 + 3) - -43?
2, 11
Let c = 0 + 40. Suppose 28 = 2*w - c. List the prime factors of w.
2, 17
Suppose d = 6*d - 20. Suppose -3*m + 198 = 5*z, d*z - 5*m = z + 146. List the prime factors of z.
2, 3, 7
Let b be 44/3*(-3)/(-2). Let w be (-6)/33 - (-114)/b. Let r = 11 - w. What are the prime factors of r?
2, 3
Suppose 8*h - 12*h = -4. What are the prime factors of (21/9)/(h/6)?
2, 7
Let h be 8*((-10)/(-4))/5. Suppose -2*i - 14 = -h*i. What are the prime factors of i?
7
Suppose -2*p + 2*u + u = -244, -4*p + 3*u + 482 = 0. What are the prime factors of p?
7, 17
Suppose 2*a = 7*a - 10, 2*a - 5 = o. Let s(w) = -23*w - 1. List the prime factors of s(o).
2, 11
Let a(m) = m**3 - 7*m**2 + 6*m - 6. Let v be a(6). Let o = 6 - v. List the prime factors of o.
2, 3
Let n = -4 - -6. Suppose 0 = u - 3*c - 30, -6 = -u - c - n*c. List the prime factors of u.
2, 3
Suppose s - 98 = -47. What are the prime factors of s?
3, 17
Let q(f) = -f**3 - 6*f**2 - f + 2. Let g be q(-7). Suppose -2*c = 2*m - m - 58, 2*c - 4*m - g = 0. List the prime factors of c.
29
Let l(q) = 3*q + 3. Let m(b) = 10*b + 10. Let j be 3/(-18) + (-125)/6. Let u(t) = j*l(t) + 6*m(t). What are the prime factors of u(-6)?
3, 5
Suppose -3*s = 4*x - 0*s - 65, 5*s = 4*x - 73. Let i = x - 36. Let w = i - -29. What are the prime factors of w?
2, 5
Let k = -3 - -3. Suppose k = -4*j + j + 54. List the prime factors of j.
2, 3
Let u(f) = f - 15. Let h be u(12). What are the prime factors of (-27)/h + 2 - 2?
3
Let f(o) = -9*o + 1. What are the prime factors of f(-1)?
2, 5
Suppose 3*t + 114 = 3*m, -4*m + 65 = t - 67. List the prime factors of m.
2, 17
List the prime factors of 1 - (-7)/(42/1494).
2, 5
Suppose -4 = 4*b - 24. Suppose 0*z - 2*z = 2*x - 52, -2*x + 17 = -b*z. List the prime factors of x.
3, 7
Suppose 0*g = -3*g - 12. Let r = 7 + g. What are the prime factors of r?
3
Suppose u = m + 137, 4*u + 0*m - 540 = -4*m. List the prime factors of u.
2, 17
Suppose -2*x = 2*v - 0*v - 22, -5*v - 55 = -5*x. What are the prime factors of x?
11
Let h = -10 - -12. What are the prime factors of h?
2
Suppose 0 = 4*q + 2*d - 10, 4*q - 4*d + 2 = 6. Let y = 7 + q. List the prime factors of 8/(-1)*y/(-12).
2, 3
Suppose 5*m + 4*b - 11 = 2*b, 3*m - b = 11. Suppose m*t - 16 = t. Suppose 0 = 4*o - t. What are the prime factors of o?
2
Suppose -3*z + 343 - 1 = 0. List the prime factors of z.
2, 3, 19
Let r be 2/(91/(-31) + 3). Let s = r - 17. What are the prime factors of s?
2, 7
Let u = 2 + -2. What are the prime factors of u + 3 + 4/2?
5
Let a = -11 + 15. What are the prime factors of 32 - (a - 2/2)?
29
Let a(l) be the third derivative of 0 - 3/2*l**3 + l**2 + 0*l - 1/8*l**4. What are the prime factors of a(-6)?
3
Let p(a) = -2*a + 12. List the prime factors of p(-9).
2, 3, 5
Suppose -g + 15 = 4*g. Let c(l) = -l - 1 + 10 - 6*l**3 + 5*l**g. List the prime factors of c(0).
3
Let a(t) be the third derivative of -t**6/120 + 7*t**5/60 - 5*t**4/24 - 4*t**3/3 + 3*t**2. List the prime factors of a(5).
17
Let x = 0 - -4. Let a be ((-6)/x)/((-9)/30). Suppose -4*k = u - 4*u - 45, -5 = -a*u. What are the prime factors of k?
2, 3
Suppose 4*x - 36 = -4*t, -t - 3*x + 1 = -0*x. What are the prime factors of t/(1/(-12)*-4)?
3, 13
Let h = -4 + 7. Let g(z) = z + 1. Let k be g(2). Let p = k + h. What are the prime factors of p?
2, 3
Suppose -5*m + 100 = -0*m. What are the prime factors of m?
2, 5
Suppose 4*g = 5*h + 73 + 108, 55 = g + 2*h. What are the prime factors of g?
7
Let r(y) = -7*y**3 + 16*y**2 - 18*y + 5. Let s(m) = 3*m**3 - 8*m**2 + 9*m - 2. Let z(g) = 2*r(g) + 5*s(g). List the prime factors of z(7).
2, 7
Let i(x) = -x**2 - 33*x - 33. What are the prime factors of i(-15)?
3, 79
Let m be (2*1)/((-12)/(-12)). Let u(n) = 7 + 9 - 16 - n + m*n**2. What are the prime factors of u(-1)?
3
Suppose -3*n + 3 = -0. Let l(r) = 8*r - 1. Let k be l(n). Suppose -9 = -4*t + k. What are the prime factors of t?
2
Let q be 614/(-3) - (-10)/15. Let d be q/15 + (-2)/5. Let u = 8 - d. List the prime factors of u.
2, 11
Let s be 7/3 - (-2)/(-6). Let i(o) = -2 - 1 + 5*o + 7*o + 0. What are the prime factors of i(s)?
3, 7
Let i = -60 - -106. List the prime factors of i.
2, 23
Let y be (-4)/(-18) + (-227)/9. Let b = y + 41. List the prime factors of b.
2
Let i = -2 - -1. Let o be ((2 - 2) + 0)/i. Suppose -g - 5*d - 4 = o, d + 11 = 3*g - 9. What are the prime factors of g?
2, 3
Suppose 2*g - 3*g - 4*t + 64 = 0, 0 = -4*g + 4*t + 176. List the prime factors of (g/21 + 2)*7.
2, 3, 5
Let s(k) = -k**3 - 11*k**2 - 10*k + 7. Let x be s(-10). Let q(d) = d - 4. Let m be q(x). Suppose m*o = o + 34. List the prime factors of o.
17
Let t = 1 - -3. Suppose -t*k = -2*d + 32, 2*d + 3*k - 5 = -1. What are the prime factors of d?
2
Let x = 15 - 6. List the prime factors of x.
3
Let b be (0 + -1 + 6)*5. Suppose -4*q = -b - 3. Let l = 2 + q. What are the prime factors of l?
3
What are the prime factors of -4 - (4/(-2) + 4040/(-20))?
2, 5
Let r be (-12)/((45/6)/(-5)). Let q = 10 - r. What are the prime factors of q?
2
Let f(s) = 10*s**2 - 6*s - 17. What are the prime factors of f(5)?
7, 29
Suppose 2*k - 2*d = 76, 4*k - 33 = 3*k - 4*d. List the prime factors of k.
37
Let z(b) = 2*b. Let f be z(9). Let r = f + -12. Suppose -d + 7 + r = 0. What are the prime factors of d?
13
What are the prime factors of (-1)/2 + 252/24?
2, 5
Let n(t) = -t**3 + 14*t**2 - 12*t - 4. What are the prime factors of n(10)?
2, 3, 23
Let u be 0/((3 + 0)/1). Suppose f = -u*f. Suppose f = 3*x - x - 20. What are the prime factors of x?
2, 5
Let r(k) = -2*k**2 + 25*k - 9. What are the prime factors of r(5)?
2, 3, 11
Let i be ((-56)/(-21))/((-2)/(-3)). What are the prime factors of (-18)/(-3)*14/i?
3, 7
Let i(x) = 2*x**2 - 4*x - 1. What are the prime factors of i(-3)?
29
Suppose -3*f + 2*d + 10 = -2*f, 3*f - 4*d - 20 = 0. Suppose f = 4*y - 26 - 10. What are the prime factors of y?
3
Let a = 0 - -3. List the prime factors of 3 + (a - 4) + 1.
3
Let p = 33 - 10. Let x = p - 13. What are the prime factors of x?
2, 5
Let g be 2 + 1 - (1 + 0). Let b be 10/4*g + 1. Let p(l) = -l**3 + 5*l**2 + 9*l - 8. List the prime factors of p(b).
2, 5
Let u be (1/2)/((-2)/(-24)). Suppose -u*o + o + 135 = 0. What are the prime factors of (-3)/((o/12)/(-3))?
2
Suppose 0 = 4*k - 350 - 62. Suppose -2*s + s + 2*p = -21, 4*p = -3*s + k. What are the prime factors of s?
29
Suppose 5*z - 3*a + 0*a - 34 = 0, 3*z = -5*a. Let k = 21 - z. What are the prime factors of k?
2
Let j(y) = 4*y - 2. Suppose -5*k + k = -16. List the prime factors of j(k).
2, 7
Let w be 19/4 - 1/(-4). Suppose s + 44 = w*s. List the prime factors of s.
11
Suppose -148 = 4*f - 4*n, 0 = 5*f + 2*n + 97 + 102. Let u = f + 58. Suppose 5*p - 11 = u. What are the prime factors of p?
2, 3
Suppose 0 = 12*i - 9*i - 51. Suppose h - i = -p + 17, -h = -p - 44. What are the prime factors of h?
3, 13
Let q(y) = -5*y**2 + 10*y - 5. Let i(u) = 4*u**2 - 9*u + 5. Let h(m) = -4*i(m) - 3*q(m). Let v be h(5). Suppose 3*z + 2 - 32 = v. List the prime factors of z.
2, 5
Let v be -7 + 2 + 0 + 2. List the prime factors of 2 - (-15 + (-1 - v)).
3, 5
Let d be (-80)/14 + ((-18)/(-21))/(-3). Let n(r) be the second derivative of -r**3/3 + 2*r**2 + r. What are the prime factors of n(d)?
2
Let p(g) = -g**2 + 16*g - 21. Let x be p(14). Suppose -x = -3*i + 140. List the prime factors of i.
7
Let q(i) = -19*i - 14. What are the prime factors of q(-8)?
2, 3, 23
List the prime factors of -1 - -103 - 9/((-36)/(-8)).
2, 5
Let g = -13 + 5. Let l(o) = o**2 + 4*o - 6. Let x be l(g). Suppose 3*u + 3*y = -2*y + x, 31 = 4*u + 3*y. List the prime factors of u.
7
Let y(x) = 2*x**3 - 5*x**2 - 7*x + 4. Let r(u) = u**3 - u**2 - u + 1. Let w(h) = r(h) - y(h). List the prime factors of w(5).
2
Let a(x) = 2*x + 12. Let m be 7/(-1) - (-3 + 6). Let h be a(m). Let o(j) = j**2 + 6*j + 2. What are the prime factors of o(h)?
2, 3
Let f(g) = g**3 + 5*g**2 - 7*g + 1. Let u be f(-5). Let m be (2 - 1)/(3/u). Suppose m = -3*z + 5*z. List the prime factors of z.
2, 3
Let r(g) = g**3 + 6*g**2 - 2*g - 2. Let x be 1 + -1 - 5*-1. Suppose x*w = q - 29, -2*w + 2*q - 16 = w. List the prime factors of r(w).
2, 5
Suppose 2*t + 4*v = 2 - 12, 5*t + 5*v = -5. Suppose y - t*l = 37, 2*y + 4*l + 6 = 90. List the prime factors of y.
2, 5
Suppose 0 = -